he highest common factor of 4617888 and 9504?
1056
Calculate the greatest common factor of 5984 and 17932552.
1496
What is the greatest common divisor of 329 and 3190278?
7
What is the greatest common divisor of 310430000 and 370?
370
Calculate the highest common factor of 42602360 and 60.
20
What is the highest common factor of 921433 and 8321?
157
What is the highest common divisor of 32 and 7685576?
8
Calculate the greatest common factor of 273098160 and 15136.
688
What is the greatest common divisor of 4788495 and 45?
45
Calculate the highest common divisor of 15755 and 337295.
115
Calculate the greatest common divisor of 14525397 and 5123.
47
What is the highest common divisor of 12298 and 62686?
26
Calculate the greatest common factor of 225480 and 14010.
30
What is the highest common divisor of 92571 and 583392?
177
Calculate the highest common divisor of 4712 and 3232158704.
4712
Calculate the highest common divisor of 132 and 5187768.
12
Calculate the highest common divisor of 5656 and 26663192.
808
Calculate the highest common factor of 144 and 862335.
9
Calculate the highest common divisor of 78633 and 1017.
9
What is the greatest common factor of 833049 and 107604?
441
Calculate the greatest common factor of 97180 and 487190.
430
Calculate the greatest common divisor of 2349574340 and 20.
20
What is the highest common divisor of 42833074 and 188?
94
Calculate the greatest common divisor of 303291 and 27963.
2151
What is the highest common divisor of 25680 and 123434130?
3210
What is the highest common factor of 5159 and 14995337?
469
Calculate the highest common factor of 83496 and 579999.
1491
What is the greatest common factor of 89696260 and 20?
20
Calculate the highest common divisor of 5094 and 3941624.
566
Calculate the highest common divisor of 51679566 and 3915.
783
Calculate the highest common divisor of 51 and 9779369.
17
What is the highest common factor of 1625746 and 6?
2
What is the greatest common factor of 101098753 and 112?
7
What is the highest common factor of 60933 and 60721338?
3207
Calculate the greatest common factor of 14702700 and 12900.
300
What is the highest common factor of 9818910 and 158?
158
Calculate the greatest common divisor of 8822 and 1152162.
22
Calculate the highest common divisor of 10 and 103416890.
10
What is the highest common divisor of 54220307 and 158?
79
What is the highest common divisor of 1240 and 185709592?
248
Calculate the greatest common divisor of 71158 and 637414.
94
Calculate the highest common divisor of 342016 and 334.
334
Calculate the greatest common divisor of 320 and 7889440.
160
What is the highest common factor of 138030668 and 380?
76
Calculate the greatest common divisor of 7098 and 328237.
91
What is the greatest common factor of 83007 and 3519?
207
Calculate the highest common divisor of 299655 and 180.
45
Calculate the greatest common factor of 19053539 and 11387.
193
What is the highest common factor of 236 and 384?
4
Calculate the highest common factor of 186667 and 4771.
13
What is the greatest common factor of 24012 and 16720704?
1044
Calculate the greatest common divisor of 4505 and 101316655.
265
Calculate the greatest common factor of 456964496 and 3184.
3184
What is the highest common divisor of 3016 and 4794947?
29
What is the greatest common divisor of 86281216 and 2688?
896
Calculate the highest common divisor of 4764095 and 47005.
2765
What is the greatest common divisor of 831 and 56123247?
831
Calculate the greatest common divisor of 59757341 and 3233.
53
Calculate the greatest common factor of 5586 and 78235654.
1862
Calculate the greatest common divisor of 28 and 1457736.
28
Calculate the highest common factor of 27451354 and 1442.
1442
Calculate the greatest common factor of 424407693 and 114.
57
Calculate the greatest common factor of 37243651 and 219.
73
What is the greatest common factor of 14168 and 106950?
46
Calculate the greatest common factor of 9744 and 109316.
4
What is the greatest common factor of 4464 and 6610068?
1116
What is the highest common factor of 2992920 and 1323?
147
What is the greatest common divisor of 71187 and 4042488?
1167
Calculate the greatest common factor of 81 and 70748802.
81
Calculate the greatest common divisor of 12784076 and 275404.
8884
Calculate the highest common factor of 1211532 and 504.
84
Calculate the greatest common factor of 31386624 and 1776.
48
Calculate the highest common factor of 742207 and 32881.
251
What is the greatest common factor of 58590 and 451610?
10
Calculate the greatest common factor of 2974509 and 14391.
1107
What is the highest common factor of 22900 and 55857680?
4580
Calculate the greatest common factor of 54708 and 34532.
388
What is the highest common factor of 15934 and 1503500?
62
Calculate the highest common factor of 5389 and 733380.
17
What is the greatest common factor of 51 and 565689?
3
What is the highest common factor of 21810612 and 222?
222
Calculate the greatest common factor of 68860 and 8834980.
220
What is the highest common divisor of 40256 and 15296984?
296
What is the highest common divisor of 19138302 and 6372?
3186
What is the greatest common factor of 12103 and 680953?
637
What is the greatest common factor of 574748207 and 33?
11
Calculate the highest common divisor of 18166 and 83270014.
586
What is the highest common factor of 16720 and 119382320?
1520
Calculate the greatest common divisor of 39469 and 195062603.
1361
Calculate the greatest common factor of 114644529 and 1241.
73
What is the highest common divisor of 234291 and 3183?
3
What is the highest common divisor of 2313 and 75749979?
771
What is the highest common factor of 185933 and 14201?
11
What is the highest common divisor of 1241060706 and 3156?
1578
Calculate the highest common divisor of 1437 and 45145271.
479
What is the highest common factor of 2332 and 81397877?
583
Calculate the highest common divisor of 23690 and 366045.
115
Calculate the highest common divisor of 48 and 5840067.
3
Calculate the highest common factor of 33356900 and 294400.
2300
Calculate the highest common divisor of 563112 and 2016.
72
Calculate the greatest common factor of 90193 and 4442675.
893
Calculate the highest common divisor of 71995306 and 8109.
901
Calculate the highest common divisor of 11095 and 1870617.
2219
Calculate the greatest common factor of 1289944 and 1135016.
3368
What is the highest common factor of 21199025 and 19825?
1525
Calculate the greatest common factor of 223933440 and 15774.
1434
Calculate the greatest common divisor of 505076 and 76.
4
Calculate the greatest common factor of 1242 and 124494354.
1242
Calculate the highest common factor of 59458 and 256053.
959
What is the greatest common factor of 187 and 21584013?
11
What is the highest common factor of 1305 and 663135?
15
What is the highest common divisor of 17854376 and 33128?
808
Calculate the highest common factor of 141673 and 212898.
259
Calculate the greatest common divisor of 24975011 and 1772.
443
What is the greatest common divisor of 3042 and 1644318?
234
Calculate the highest common factor of 156041532 and 8472.
4236
Calculate the greatest common factor of 5910763 and 306599.
3881
What is the greatest common factor of 239768 and 124270?
1462
What is the greatest common factor of 108720430 and 140?
70
What is the greatest common factor of 39650 and 13271648?
1586
What is the highest common divisor of 136 and 2409818?
34
Calculate the highest common divisor of 40296 and 10512.
1752
What is the greatest common factor of 335 and 1189535?
5
What is the highest common factor of 182001 and 201777?
309
What is the highest common factor of 9169680 and 104?
104
Calculate the highest common factor of 1452691422 and 27.
27
What is the greatest common divisor of 37534 and 6555045?
2681
What is the greatest common divisor of 49880 and 192260?
20
What is the highest common divisor of 58661288 and 952?
952
What is the highest common factor of 1914650 and 6578350?
7450
What is the highest common factor of 11013228 and 2277?
207
Calculate the greatest common factor of 1038 and 64212.
6
Calculate the highest common factor of 61084635 and 255.
15
Calculate the greatest common factor of 1954806 and 40278.
294
Calculate the greate